2001102
What is 7698 (base 12) in base 14?
4aa0
What is -1821 (base 10) in base 3?
-2111110
Convert -22220 (base 12) to base 7.
-245616
2a9 (base 11) to base 3
111101
Convert -3691 (base 11) to base 15.
-1664
43042 (base 5) to base 4
231101
-77a1 (base 12) to base 7
-53362
What is -918 (base 10) in base 5?
-12133
What is 320332 (base 4) in base 7?
13426
What is 105 (base 8) in base 12?
59
Convert 4b (base 15) to base 4.
1013
63644 (base 8) to base 2
110011110100100
Convert -161436 (base 7) to base 8.
-76043
What is 343326 (base 7) in base 10?
61221
-236a (base 16) to base 11
-68a2
What is 610 (base 11) in base 15?
342
Convert -36a (base 12) to base 5.
-4024
Convert -11101111 (base 2) to base 7.
-461
Convert -10502 (base 9) to base 4.
-1230320
-1337 (base 9) to base 8
-1756
What is -261 (base 10) in base 11?
-218
288b (base 12) to base 3
20110122
-580 (base 9) to base 5
-3402
What is 15133 (base 6) in base 8?
4601
What is 2 (base 14) in base 13?
2
675 (base 9) to base 15
26e
What is 1164 (base 7) in base 15?
1e3
What is 3421 (base 16) in base 12?
7881
What is -3416 (base 10) in base 11?
-2626
What is 1a69 (base 16) in base 9?
10242
What is -45b5 (base 12) in base 9?
-11582
What is -2020102 (base 3) in base 11?
-1253
Convert 91 (base 15) to base 13.
a6
Convert -200203 (base 4) to base 5.
-31313
What is -789a (base 11) in base 10?
-10394
What is 3753 (base 12) in base 8?
14157
What is 100022 (base 4) in base 6?
4442
Convert -110010101 (base 2) to base 4.
-12111
What is -2211020 (base 3) in base 2?
-100000001010
What is 4735 (base 9) in base 2?
110110111011
155422 (base 8) to base 6
1111350
What is -3528 (base 9) in base 14?
-d50
What is 29 (base 16) in base 12?
35
-132303 (base 4) to base 12
-1183
Convert -1112 (base 5) to base 4.
-2131
-3481 (base 9) to base 11
-1a3a
Convert -320244 (base 6) to base 4.
-12112210
What is 27334 (base 8) in base 15?
384b
Convert 1101010111001 (base 2) to base 3.
100101101
What is -323101 (base 6) in base 9?
-40441
What is 102202120 (base 3) in base 5?
233244
-5727 (base 8) to base 9
-4137
5245 (base 7) to base 13
ac0
Convert -1124 (base 6) to base 10.
-268
Convert -304 (base 7) to base 5.
-1101
Convert 20321 (base 6) to base 12.
16a1
Convert -5642 (base 7) to base 2.
-11111110111
What is 5b68 (base 12) in base 6?
115412
Convert 14048 (base 15) to base 16.
fac1
Convert -800 (base 12) to base 11.
-958
Convert -10203 (base 5) to base 3.
-221010
What is 510a (base 11) in base 3?
100022100
7aaa (base 11) to base 4
2212113
What is -3032 (base 7) in base 4?
-100130
2643 (base 15) to base 4
1333203
-15d0 (base 16) to base 10
-5584
Convert 3886 (base 12) to base 9.
8743
302512 (base 6) to base 10
23948
Convert 577 (base 8) to base 2.
101111111
What is -34768 (base 9) in base 11?
-164a7
What is -13c (base 13) in base 4?
-3130
120201 (base 3) to base 9
521
85473 (base 9) to base 15
11b33
What is 11122 (base 4) in base 15?
181
What is 114113 (base 9) in base 7?
404025
Convert 51864 (base 9) to base 13.
1277b
-1456 (base 14) to base 12
-2104
6051 (base 12) to base 16
28bd
What is -21622 (base 8) in base 15?
-2a71
What is -111110100110101 (base 2) in base 8?
-76465
Convert -11444 (base 8) to base 16.
-1324
-2002022 (base 3) to base 9
-2068
Convert 15569 (base 12) to base 11.
20744
Convert -2031 (base 7) to base 15.
-323
Convert 111210 (base 3) to base 5.
2442
Convert -248d (base 16) to base 9.
-13746
What is 2263 (base 9) in base 3?
2022010
-1e36 (base 15) to base 6
-50240
2034 (base 6) to base 2
111000110
-50154 (base 6) to base 10
-6550
1f9f (base 16) to base 9
12084
What is -406 (base 7) in base 12?
-14a
What is 227 (base 13) in base 2?
101110011
Convert -106 (base 9) to base 7.
-153
3321131 (base 4) to base 5
1002330
What is -12004 (base 10) in base 2?
-10111011100100
What is -12212 (base 6) in base 8?
-3420
Convert 102222 (base 3) to base 5.
2243
Convert -7941 (base 15) to base 3.
-1022021021
-90c9 (base 13) to base 4
-10313202
-555 (base 7) to base 14
-165
d7 (base 14) to base 2
10111101
Convert -2030 (base 4) to base 7.
-260
What is -896 (base 12) in base 10?
-1266
Convert 12232113 (base 4) to base 3.
1101210010
-1722a (base 11) to base 12
-12034
-21300122 (base 4) to base 5
-2234322
-2610 (base 8) to base 16
-588
Convert -411102 (base 5) to base 11.
-9a80
-3519 (base 10) to base 12
-2053
What is -1031011 (base 4) in base 14?
-1b25
-21002 (base 4) to base 5
-4303
Convert 1545 (base 7) to base 11.
515
19050 (base 11) to base 2
110100000110011
What is -2488 (base 9) in base 8?
-3506
Convert 43680 (base 9) to base 10.
28989
-4201 (base 6) to base 2
-1110101001
2033 (base 14) to base 3
21120221
What is -1971c (base 15) in base 4?
-110022222
Convert 11631 (base 8) to base 12.
2aa1
Convert -3034 (base 5) to base 13.
-244
618 (base 10) to base 9
756
Convert -602 (base 11) to base 8.
-1330
What is 3122 (base 6) in base 2?
1010111010
13041 (base 6) to base 3
2200221
-4a (base 13) to base 12
-52
What is 3213033 (base 4) in base 16?
39cf
11a4 (base 13) to base 6
15324
What is 92a1 (base 12) in base 13?
735a
1334 (base 12) to base 4
202120
Convert 53640 (base 7) to base 5.
411411
Convert 1020212101 (base 3) to base 7.
131656
7506 (base 10) to base 6
54430
2131300 (base 4) to base 10
10096
-2a1 (base 13) to base 8
-725
-160720 (base 8) to base 12
-29554
Convert 122626 (base 8) to base 13.
163aa
Convert -133100 (base 5) to base 2.
-1010100011000
Convert 82 (base 16) to base 13.
a0
Convert 30011 (base 5) to base 8.
3531
Convert 434144 (base 5) to base 7.
61340
What is -6cc (base 15) in base 8?
-3006
What is 10412 (base 5) in base 13?
444
What is -229 (base 16) in base 14?
-2b7
-546 (base 7) to base 4
-10113
What is 1232 (base 4) in base 9?
132
What is -11644 (base 7) in base 6?
-22114
What is 121211210 (base 3) in base 4?
2333313
What is 12c (base 14) in base 5?
1421
Convert -6a5d (base 16) to base 13.
-c517
What is -2202 (base 5) in base 8?
-456
Convert -8318 (base 10) to base 15.
-26e8
-100100120 (base 3) to base 11
-513a
Convert 611 (base 9) to base 14.
276
Convert 1282 (base 9) to base 16.
3c5
Convert 17161 (base 10) to base 14.
637b
3225 (base 6) to base 8
1341
Convert -13 (base 4) to base 13.
-7
Convert 1a0 (base 14) to base 8.
520
233020 (base 7) to base 16
a384
What is -4142 (base 8) in base 15?
-981
Convert -11252 (base 10) to base 16.
-2bf4
What is -13243 (base 5) in base 6?
-4545
Convert -68508 (base 9) to base 14.
-1289d
Convert -2021000101 (base 3) to base 9.
-67011
-342021 (base 5) to base 12
-7034
-103044 (base 6) to base 13
-3b02
What is 3440011 (base 5) in base 10?
61881
Convert 1433 (base 5) to base 2.
11110011
What is -100100001100011 (base 2) in base 11?
-12a17
Convert -20333 (base 4) to base 11.
-483
What is 11b (base 15) in base 12?
18b
What is -393 (base 15) in base 5?
-11223
What is -2052 (base 7) in base 11?
-5a8
232125 (base 6) to base 16
4dd5
Convert 1020124 (base 5) to base 13.
7911
Convert 115 (base 15) to base 9.
302
-247 (base 11) to base 10
-293
Convert -106634 (base 9) to base 13.
-23146
132 (base 5) to base 9
46
-10013 (base 9) to base 5
-202243
Convert 21 (base 9) to base 8.
23
Convert -100004 (base 5) to base 13.
-1569
13201 (base 4) to base 12
341
Convert -10260 (base 8) to base 16.
-10b0
-11480 (base 10) to base 14
-4280
Convert -229 (base 14) to base 2.
-110101101
What is -183c (base 13) in base 3?
-11221100
What is -3113202 (base 4) in base 2?
-11010111100010
What is 10043 (base 5) in base 15?
2d3
-152 (base 12) to base 6
-542
What is -10100001011 (base 2) in base 15?
-5b1
Convert 4bca (base 14) to base 15.
3e25
-41505 (base 6) to base 4
-1113101
What is 303 (base 12) in base 13?
276
-20113 (base 6) to base 11
-1a88
539 (base 10) to base 13
326
What is 105206 (base 8) in base 2?
1000101010000110
Convert -1000305 (base 6) to base 7.
-253232
Convert 6c (base 15) to base 3.
10210
Convert -312101 (base 6) to base 16.
-6205
What is 16355 (base 7) in base 12?
2832
What is -47640 (base 10) in base 16?
-ba18
What is -511 (base 7) in base 4?
-3331
1010010000010 (base 2) to base 9
7173
What is 18c7 (base 15) in base 10?
5362
Convert -14533 (base 7) to base 11.
-3045
What is -13510 (base 6) in base 13?
-c7b
Convert -2101 (base 6) to base 5.
-3334
Convert 2165 (base 11) to base 15.
ca4
Convert -1233212 (